of -2 - 1*(j - -1)*-1?
107
Let q(t) = 3 - 6*t - 2*t + 2*t - 26*t. What are the prime factors of q(-2)?
67
Let y = -66 + 18. What are the prime factors of (-732)/y*(18 - -2)?
5, 61
Suppose -2 = -4*g - 14. Let v(t) = 2*t**2 + 5 + 8*t - 10*t - 8. What are the prime factors of v(g)?
3, 7
Let a = 1517 - 3267. Let b = -890 - a. What are the prime factors of b?
2, 5, 43
Let s(i) = 268*i + 226. Let u be s(24). Suppose -2*y = -10, y + 133 - u = -5*n. What are the prime factors of n?
2, 163
Let a be (8 + -9)/((-1)/5). Suppose -a*x + 3*c + 44 = -40, 3*x = -4*c + 33. Suppose 1 = -d + x. What are the prime factors of d?
2, 7
Let p(t) = 147*t**2 + 35*t + 12. What are the prime factors of p(-2)?
2, 5, 53
Let n = 712 - 457. List the prime factors of (7/(-3))/((-1)/n).
5, 7, 17
Let r = 61 - 57. Suppose o + 4 = 3*h, 6 = -o + h + r*h. What are the prime factors of 602/21 - o*2/6?
29
Let s(m) = -m**2 + 3*m + 12. Let p be s(5). Suppose o - 2 = -u + p, 12 = -3*u + 3*o. Suppose u = -52*q + 56*q - 408. What are the prime factors of q?
2, 3, 17
Let b be (11 + (0 - 6))/1. Suppose y - 4*f + b*f - 1533 = 0, -3*y = f - 4595. What are the prime factors of y?
1531
Let y = 11 + -11. Suppose 44*h - 46*h - 10 = y. What are the prime factors of (-18)/(-7)*h/(-3)*28?
2, 3, 5
Let m(h) be the third derivative of -11*h**4/3 - 38*h**3/3 - 3*h**2 - 7*h. What are the prime factors of m(-9)?
2, 179
Suppose r = n + 72, -5*r - 9 = 16. Let w = n - -81. List the prime factors of (-1063)/(-7) - w/(-28).
2, 19
Let p(b) = -85*b**3 + 2*b**2 - 3*b + 2. Suppose 2*u + 11 = 3*l, 4 + 11 = 3*l - 3*u. Let h be p(l). Let z = h - -220. What are the prime factors of z?
2, 17
Let g(k) = -14*k**3 - 11*k**2 - 53*k - 1. What are the prime factors of g(-10)?
13, 1033
Suppose -3*u + 6 = 0, 11*m = 6*m - 4*u + 633. Let z = m + -18. List the prime factors of z.
107
Let h = 1951 + 14821. List the prime factors of h.
2, 7, 599
Let a(m) = 3*m**3 + 5*m - 3. Let p be a(3). Let y(v) = -v**3 + 6*v**2 - 4*v - 4. Let f be y(5). List the prime factors of f*-3 + (p - -4).
2, 47
Let k be (-237)/((-3 + 0)/6). Suppose -k*o - 315 = -477*o. What are the prime factors of o?
3, 5, 7
Suppose -24910 + 7077 = -5*x + 27742. What are the prime factors of x?
5, 1823
Let k = -18213 + 28464. What are the prime factors of k?
3, 17, 67
Suppose 4004 = -5*u - f, -9*f - 3204 = 4*u - 8*f. List the prime factors of (u/15 - -3)*-30.
2, 5, 151
Suppose 0 = 5*x + 89 + 166. Let t = 333 - 194. Let v = t + x. What are the prime factors of v?
2, 11
Suppose k + 0*k + 4*b + 49 = 0, -3*k - 154 = 5*b. Let h = 33 + k. What are the prime factors of -16*-14*(-5)/h?
2, 7
Let c be ((-54)/(-12) - 4) + (-18828)/(-8). Let l = c - 1470. List the prime factors of l.
2, 13, 17
List the prime factors of (-3)/(-6)*-3 - 453009/(-82).
3, 7, 263
Suppose -66*f + 9*f = -6042. Suppose -3*h + 7*h - 2540 = 0. Suppose -3*n + h = 2*n - b, -n = 4*b - f. List the prime factors of n.
2, 3, 7
Let o(s) = -8*s - 21. Let c be o(-4). Let y(x) = 11*x**2 - 6*x - 8. Let b be y(c). List the prime factors of ((-25)/(-20))/(3 + b/(-420)).
5, 7
Let p = 44528 + -26330. List the prime factors of p.
2, 3, 337
Suppose 68*p - 16*p - 114552 = 20024. List the prime factors of p.
2, 647
Let n(c) = 1964*c + 5294. What are the prime factors of n(15)?
2, 17377
Suppose 27*a - 4*q = 22*a + 16748, 5*a - 16726 = -7*q. What are the prime factors of a?
2, 3, 31
List the prime factors of 1*(-15 + 1404/91) + 185154/7.
3, 2939
Let z(q) = q**3 + 18*q**2 - q - 13. Let h be z(-18). Suppose 0 = -p - h, -396 - 129 = -5*t + 5*p. List the prime factors of t.
2, 5
Let x(m) = -m**2 - 21*m + 19. Let c(b) = -4*b**2 - 64*b + 56. Let y(a) = -3*c(a) + 8*x(a). What are the prime factors of y(-12)?
2, 17
Suppose -31985 = -5*n - 8375. List the prime factors of n.
2, 3, 787
Let o = 54 - 50. Suppose 3*r + 629 = -4*l, -r - 315 = -2*l + 4*l. What are the prime factors of -2*1/o*l?
79
Let m(y) = 441*y - 2406. List the prime factors of m(68).
2, 3, 4597
Let z = 8 + 10. Suppose -3*f - 3*x - 26 + 5 = 0, 4*f + z = -2*x. What are the prime factors of 115 + -5 - -4 - f?
2, 29
Let p(k) = k - 1. Let l(x) = -x**2 - 16*x + 6. Let t(d) = -l(d) + 3*p(d). Let a be t(-26). Let q = a - 56. What are the prime factors of q?
3, 13
Let w(p) = p + 13*p**3 - 142*p**3 - 3*p**2 + 5*p**2 - 3*p**2. Let b be w(1). Let l = -90 - b. What are the prime factors of l?
3, 13
Let j(h) = 10*h - 17. Let k be j(2). Suppose 0 = 4*r + 5*b - b - 20, -k*b = -r + 17. Suppose -r*p + 5*p + 174 = 0. List the prime factors of p.
2, 29
Suppose 13*k + 100470 = 125690. What are the prime factors of k?
2, 5, 97
Let d(a) = 327*a + 62. Let x be d(-2). Let c = x - -1149. List the prime factors of c.
557
Let f = 2546 - 768. Let r = f + -1251. What are the prime factors of r?
17, 31
Suppose 0 = -3*z - 47*i + 44*i + 172731, 0 = -5*z + 4*i + 287840. List the prime factors of z.
2, 37, 389
Let s = 11 + -5. Suppose 2*t - 2*r - s = 0, -2*r - 4 = 2*t + 2. Suppose 475 = -t*m + 5*m. What are the prime factors of m?
5, 19
List the prime factors of (-21)/42 + ((-5444)/20)/((-2)/55).
3, 5, 499
Suppose 0 = 3*p - 5*x - 31, -6*p = -p + x - 5. Suppose -4*k = -p*k. Suppose 4*r + k*r - 5*v = 249, 5*v = -5. What are the prime factors of r?
61
Let j be ((-75)/(-2))/(((-34)/(-4))/17). Let d = j + -76. What are the prime factors of (d + -1)*1 + 49*3?
5, 29
Let d(i) be the second derivative of -i**5/20 + 2*i**4/3 + 11*i**3/6 + 6*i**2 + 64*i. What are the prime factors of d(-7)?
2, 5, 67
Let g = -321 + 638. Suppose -j - 4*z = -2*j + g, 4*j - 1253 = z. What are the prime factors of j?
313
Suppose -38*n + 41*n = -5*f + 42575, -34068 = -4*f - 4*n. List the prime factors of f.
2, 7, 19
Suppose -x + 416 = 15*x. Let t be 30*(1 + (3 - 0)). Suppose -x*j + 30*j = t. What are the prime factors of j?
2, 3, 5
Let r = 10 + -20. Let c be 0/((-25)/r + (-6)/4). Suppose -3*a + a + 142 = c. List the prime factors of a.
71
Suppose 203232 + 434747 + 94621 = 25*w. What are the prime factors of w?
2, 3, 11, 37
Suppose k = -y + 23852, -3*k = 2*y - 47147 - 555. List the prime factors of y.
2, 11927
Let v = -41380 - -95179. What are the prime factors of v?
3, 79, 227
Suppose -2*v - 2 = -3*v. Let s(d) = -41*d + 61. Let a be s(2). What are the prime factors of -34*-1*v + (-23 - a)?
2, 3, 11
Let h be ((-2)/4)/((-1)/(-26)). Let t(v) = -v**3 - 11*v**2 + 4*v + 31. Let c be t(h). Suppose c = 5*u - 248. List the prime factors of u.
113
Suppose -5*b + a = -4*a - 8055, -3234 = -2*b + 5*a. Let w = 3036 - b. Suppose -10*u + 991 = -w. What are the prime factors of u?
2, 11
Let f(y) = -154*y**3 - y**2 - 4*y + 1. Let c be f(-2). Suppose 7*a - 1157 = c. What are the prime factors of a?
2, 3, 19
Let s = -7 - -6. Let k = 300 + -297. What are the prime factors of (s - (-35)/k)*39/4?
2, 13
What are the prime factors of ((-75951)/(-1455))/(1/30)?
2, 3, 29
Let q = 37458 + -25546. List the prime factors of q.
2, 1489
Let o(x) = 483*x**2 + 100*x + 1340. List the prime factors of o(-13).
81667
Suppose 56331 = 11*x + 3*x - 27669. What are the prime factors of x?
2, 3, 5
Suppose 4*r - 3*g + 26291 = 90491, -3*g - 48156 = -3*r. List the prime factors of r.
2, 3, 7, 191
Let w = 857 - 1276. Let b = 157 + w. Let s = b - -376. What are the prime factors of s?
2, 3, 19
Let s = 643 - -207. List the prime factors of (-20)/(-2)*(s/20 - -2).
5, 89
Let k be (-990)/(-360)*1*4. Suppose k*u - 2499 = 7665. List the prime factors of u.
2, 3, 7, 11
Suppose -9*p = -6*p - 1218. Suppose -4*j + p = -558. Suppose 4*o - 71 = 4*c + j, -o - 3*c = -98. What are the prime factors of o?
83
Let t be (0 - 1)*(-3 + (-6 - -5)). Suppose 0 = -t*m - 9*m + 3484. Let c = m + -131. List the prime factors of c.
137
Suppose -5*y = -3*v - 8*y + 2853, 0 = -4*v + 3*y + 3769. Suppose 2*l - v = -2*b, -4*b + 158 + 1734 = 5*l. What are the prime factors of b?
11, 43
Let y = 108 - 59. Suppose -53*n = -y*n - 12. Suppose -127 = -q - 5*r, -q = n*q - 2*r - 464. List the prime factors of q.
3, 13
Let x be 2/(-19) - (-6 + (-1404)/342). Suppose -3*q = -g + 2 + 1060, 0 = g + 5*q - 1078. Suppose -x*a = -g - 982. What are the prime factors of a?
5, 41
Let x(q) = -2*q**3 + 144*q**2 + 163*q + 11. List the prime factors of x(72).
17, 691
Let w = -192 + 194. List the prime factors of (8/(-12))/(w/(-4191)).
11, 127
Let